9 - 427. Let f = -229 + t. Suppose -24 + 109 = 5*d + 5*c, -14 = -2*d + 3*c. Calculate the highest common divisor of d and f.
13
Let g = 144 + -143. Let z be 6/10 - g - 4570/(-50). What is the highest common factor of 7 and z?
7
Let c = 154 - 34. Suppose c = 4*y + 4*y. What is the greatest common divisor of 6 and y?
3
Suppose 3*s - s = 5*s. Suppose s*z - 21 = -z. What is the highest common divisor of 21 and z?
21
Let a be -1 + (-2 - (-3 + -9)). Let w be 955/45 - 2/a. Let q(v) = 2*v**2 + 4*v - 2. Let f be q(-4). Calculate the greatest common factor of w and f.
7
Let o = -2 + 3. Let p be (o + 1)*5/2. Let m = -33 + 58. Calculate the greatest common factor of m and p.
5
Let f(c) = 85*c - 68. Let u be f(4). Calculate the greatest common divisor of u and 16.
16
Suppose 3*m - 15 = 2*g, -2*g + g = -5*m + 25. Suppose -4*h + 12 = 0, g = -5*w - 2*h + 6*h + 38. Calculate the highest common divisor of w and 5.
5
Let d = -105 + 213. Let t = 466 - 454. Calculate the greatest common factor of d and t.
12
Let f be (-338)/(-4) - (-3)/6. Suppose 3*z + 4 = 5*z. Suppose 3*a - 5*y - 61 = 0, 7*a - z*a - 95 = 5*y. Calculate the highest common divisor of a and f.
17
Suppose 2*a + 4*g = 924, -a - 139 + 602 = g. What is the greatest common divisor of 16 and a?
16
Let o = 9 - 7. Suppose -o*b = -33 - 23. Suppose 0 = -2*z + b + 26. Calculate the highest common factor of 9 and z.
9
Let k = 232 - 157. Suppose -3*i + 44 = -1. Calculate the highest common divisor of i and k.
15
Suppose 5*l + 465 - 585 = 0. Calculate the greatest common divisor of 120 and l.
24
Let c = -63 + 61. Let o be ((-11)/c)/((-27)/342)*-3. What is the greatest common divisor of 19 and o?
19
Suppose -2*x = 3*x - 25, 0 = 4*g - 4*x + 4. Suppose -g*v = -2*i - 66, -v + 6*v = -5*i + 120. What is the highest common factor of 57 and v?
19
Suppose f = 3*f - y - 80, y = 2. What is the greatest common divisor of 902 and f?
41
Suppose -2*s + 19 = -z, 3*z + 9 = 6*z. Suppose s*b = 5*b + 24. Suppose 5*v - 63 = -4*k, 5*k = -v + 7 + 56. Calculate the highest common divisor of k and b.
4
Suppose 3*u - u = 6. Suppose 0 = 4*h - u*h - 28. Suppose 0 = 4*z - z + 4*m - 28, 0 = -2*z - 5*m + h. What is the greatest common factor of z and 10?
2
Suppose 2*y - 5*k = -8*k + 68, -y + 34 = -2*k. Calculate the greatest common factor of y and 850.
34
Suppose -2*i + 0*i = 8, 0 = -5*y + 2*i + 33. Suppose -y*d + 295 = 5*z - 2*d, 0 = 4*d - 20. What is the highest common factor of 8 and z?
8
Let s be ((-10)/(-4) + -1)*82 - 3. Calculate the greatest common divisor of s and 12.
12
Suppose 362 = 3*w - 4*r, 3*w - r + 3*r = 368. What is the highest common divisor of 183 and w?
61
Let y(o) = -o**3 - 10*o**2 - 8*o + 20. Let z = -54 + 45. Let w be y(z). Calculate the highest common factor of w and 88.
11
Let q be 3 + (-1 - (-2 + 2)). Let c be (13 - -1) + 4 + -5 + 1. Suppose 3*k - 39 = -3*r, -c = -q*k - 6. Calculate the highest common divisor of r and 63.
9
Suppose 4*a + 5*h = 1457, -10*a = -6*a + 3*h - 1455. What is the greatest common divisor of 33 and a?
33
Suppose 0 = -5*t + 4089 - 3849. Calculate the greatest common divisor of 384 and t.
48
Suppose -6*c = -c - 210. Let k = c - 24. Let x be ((-18)/4)/((-4)/24). What is the highest common factor of k and x?
9
Let i be -4*(-6)/(-84) - 424/(-14). Suppose -286 = -5*x + 89. What is the highest common divisor of x and i?
15
Let j = 209 - 200. What is the highest common factor of j and 72?
9
Suppose -4*q - 20 = 0, o - 2*q = -o - 176. Let f = 102 + o. Suppose 4 = -2*r, -r = 5*x - 3*x - 16. What is the highest common divisor of f and x?
9
Suppose 0 = -10*c + 5 + 75. Suppose -v + 0*u - 5*u = -5, 0 = -5*v + 4*u + 25. Suppose -24 = 2*b - v*b. What is the greatest common divisor of c and b?
8
Suppose z + 4*y - 69 = 7*y, 5 = 5*y. What is the greatest common factor of 81 and z?
9
Let m = -153 + -7. Let s be (-2)/3 + m/(-15). Let b be (-10)/4*9*(-12)/9. Calculate the greatest common factor of s and b.
10
Suppose 0*j = 3*j. Suppose -u = -x + 19, -x - u - u + 25 = j. Calculate the greatest common factor of 63 and x.
21
Let d = -161 - -211. Calculate the greatest common factor of d and 2.
2
Let f(x) = 10*x + 58. Let i be f(14). Calculate the highest common divisor of 88 and i.
22
Let n(f) = -f - 1. Let k(m) = 24*m + 6. Let j(l) = -k(l) - 4*n(l). Let c be j(-2). Let w = c - 20. Calculate the highest common divisor of w and 45.
9
Suppose 4*l + p - 276 = 4*p, 2*l - 160 = -4*p. Let k(j) = 2*j**2 - 3*j - 1. Let h be k(3). Calculate the greatest common factor of h and l.
8
Let p(q) = q**3 + 4*q**2 - 3*q - 1. Let g be p(5). Calculate the greatest common divisor of 133 and g.
19
Let f = 59 - 5. Suppose -w - 3*v + 35 = 0, -f = -3*w + v + 1. What is the greatest common divisor of 30 and w?
10
Let w(c) = -24*c - 146. Let b be w(-14). What is the highest common divisor of b and 38?
38
Let l be (-1098)/(-5)*(-495)/(-66). What is the greatest common factor of l and 9?
9
Let w(t) = 15*t - 5. Let z be w(3). Suppose -5*r = -131 + 51. What is the highest common divisor of r and z?
8
Let o(m) = 30*m**2 + 5*m. Let d be o(2). Calculate the greatest common divisor of 455 and d.
65
Let c be (2 - (-4 + 18))*(-1 - 2). What is the greatest common factor of 9 and c?
9
Let w = 107 - 79. Calculate the highest common factor of 378 and w.
14
Let v = -89 + 329. What is the greatest common divisor of 400 and v?
80
Let o = 25 - -807. Let j be 8/76 + o/38. Calculate the greatest common divisor of j and 11.
11
Suppose -2*n + 376 = -2*q, 5*n + 5*q - 480 = 410. Calculate the highest common factor of n and 9.
3
Let z(i) = i - 10. Let x be z(9). Let b be 40/16 + x/(-2). Suppose b*o + 2*o = 210. What is the greatest common divisor of o and 21?
21
Let o = 1029 + -997. Calculate the greatest common factor of o and 10.
2
Suppose -408*y = -396*y - 660. Calculate the highest common factor of 715 and y.
55
Let y be 120/(-100)*(-760)/6. Let o be 19/((0 + -1)/(5 - 6)). What is the greatest common divisor of y and o?
19
Let t(o) = -36*o - 90. Let j be t(-8). Calculate the highest common factor of 264 and j.
66
Let h = -14 + 16. Suppose -2*o = -4*u + 116, -3*u + 82 = -h*o - 4. Calculate the greatest common divisor of 30 and u.
30
Suppose 2*w + k - 75 = 0, 3*k - 104 - 49 = -4*w. Suppose 6*i + 12 = 2*i, -5*j - 5*i = -1965. Calculate the highest common divisor of w and j.
36
Let r = -22 + 20. Suppose 0 + 2 = 2*o. Let j be (-7 - -2)/(o/r). Calculate the highest common divisor of j and 10.
10
Let i be 3479/105 - -14 - 2/15. Calculate the highest common divisor of i and 47.
47
Let s be 2 + 29 - (-4 + 2). Let o(f) = -f - 3. Let r be o(-7). Suppose 0*k + 2*n = -4*k + 22, n = -r*k + 17. Calculate the highest common divisor of s and k.
3
Let w = 11 - 14. Let d = w + 8. Calculate the greatest common divisor of 25 and d.
5
Suppose 0*o = -5*o - 5*r + 120, 116 = 4*o - r. Calculate the greatest common divisor of 49 and o.
7
Suppose 1 = 5*l - 4*y - 240, -2*l + 110 = -5*y. What is the highest common divisor of l and 99?
9
Suppose 136 - 7 = 3*l. Suppose -594 = -g - 207. Calculate the highest common factor of g and l.
43
Let m(s) = s**2 + 21*s + 110. Let k be m(-18). What is the highest common factor of k and 24?
8
Let a(j) = -109*j + 7046. Let t be a(64). Suppose -z + 30 = 5*l, 3*z + 3*l = -0*z + 102. What is the highest common factor of z and t?
35
Let y = -324 - -342. What is the highest common factor of y and 450?
18
Let a = -15 + 37. Let s be 18/2 + (-76)/(-19). Let c = s - -20. What is the highest common factor of c and a?
11
Let j = 513 + -411. What is the highest common divisor of 255 and j?
51
Suppose -2*w = -q - 728 + 2459, 5*q + 2*w - 8643 = 0. Calculate the highest common divisor of 26 and q.
13
Let j(k) = k**3 + 19*k**2 + 27*k - 16. Let y be j(-11). Calculate the greatest common divisor of 5 and y.
5
Suppose -8*j + 4*j = -940. Let o = j + -164. Let c = o + -11. Calculate the greatest common divisor of c and 90.
30
Suppose 3*g + 285 = -3*k, -k - 185 = 2*g - 0*k. Let b = g + 112. Calculate the highest common factor of b and 44.
22
Let f(y) = -1. Let n(t) = -5*t - 5. Let w(p) = 3*f(p) - n(p). Let i be w(2). What is the highest common factor of i and 6?
6
Let b(y) = -2*y**3 + 33*y**2 + 11*y - 61. Let d be b(15). What is the highest common factor of 41 and d?
41
Suppose z 